58. What is the greatest common divisor of 204 and d?
17
Let q(f) = -2*f - 8. Let p be q(-6). Suppose -2*b = 153 + 95. Let v = p - b. What is the greatest common factor of v and 16?
16
Let g = 11 - -18. Let a(y) = y**2 - 11*y + 9. Let h be a(8). Let q = h + g. Calculate the greatest common factor of 21 and q.
7
Let p be 168 - -1 - (-2 + 3). Let d = -6 + 27. Calculate the greatest common divisor of p and d.
21
Suppose -6*v - 193 = -673. Calculate the greatest common factor of v and 32.
16
Let s be 6/(-9) + 44/3. What is the highest common divisor of s and 77?
7
Let g = 22 + -14. Suppose 3*z = -z + 224. Calculate the highest common divisor of z and g.
8
Let d(v) = 2*v**2 - 3*v - 5. Let l be d(5). Let a = 30 + -47. Let s = -7 - a. Calculate the highest common factor of s and l.
10
Let k(t) = -t**2 + t + 9. Let b be k(0). Let d = b + 19. Let u be 0 + 0 + 69 - -1. Calculate the highest common factor of u and d.
14
Suppose -3*q = -5 - 25. Calculate the greatest common divisor of q and 30.
10
Let g be 1 + 21 - 10/(-5). What is the highest common divisor of g and 8?
8
Let m(c) = c**3 + 6*c**2 - 8*c - 2. Let q be m(-7). Calculate the greatest common factor of q and 5.
5
Let a be (-63 + -11)*(-2)/2 + 3. Suppose 2*j + 5*o = 32, 0*j + o + 53 = 5*j. Calculate the highest common divisor of a and j.
11
Let r(b) = 5*b + 29. Let n be r(9). What is the greatest common divisor of n and 37?
37
Suppose 4*s - 36 = 2*h - 8, -4*h = -s + 7. Let g = -4 + 4. Suppose g = 4*c - 113 - 27. Calculate the highest common factor of s and c.
7
Let r(v) = 2*v**2 + v. Let x be r(-2). Let b be (-1 + x)*(-18)/(-5). What is the highest common factor of 18 and b?
18
Let v(w) = -w**3 - 5*w**2 - 3*w - 4. Let q be v(-3). Let n = q + 153. What is the greatest common factor of n and 20?
20
Suppose -2*t + 243 = 235. What is the greatest common divisor of 2 and t?
2
Suppose 25 = 4*x + x. Suppose 0 = x*d - 46 - 39. Calculate the greatest common factor of d and 85.
17
Suppose 4*b - i - 672 = -5*i, 690 = 4*b - 2*i. Let l(j) = 8*j**2 + 3 - 3 + 10*j**2 + 1. Let u be l(-1). What is the greatest common factor of b and u?
19
Suppose -l + 48 = 2*m - 51, 3*m - 149 = -l. Let r = -6 + 131. Calculate the highest common factor of m and r.
25
Suppose -4*j + 2 = -6. Let u be 834/15 - j/(-5). Let w(s) = 6*s - 5. Let n be w(2). What is the highest common factor of u and n?
7
Suppose -2*s + 88 = 2*s. Calculate the greatest common divisor of s and 22.
22
Suppose 4*o - 112 = -16. Let z(h) = -h**2 + 4*h + 1. Let a be z(3). Calculate the greatest common factor of o and a.
4
Let n be (3/6)/((-2)/(-12)). Suppose h = n*h - 20. Calculate the highest common factor of 110 and h.
10
Suppose -3*x + 2*s = -9, 3*s = -3*x + 8*s + 9. Suppose 5*h + x = 33. What is the greatest common factor of 24 and h?
6
Let d(s) = 2*s + 7. Let y be d(6). What is the highest common divisor of y and 38?
19
Let h be (-3)/(-6)*(7 - -1). Suppose 3 - 12 = -3*q - 5*p, -2*q + 6 = h*p. Suppose -40 = -q*b - b. What is the highest common divisor of 10 and b?
10
Let w = -32 + 43. What is the highest common factor of 55 and w?
11
Suppose -2*b + 7 = -4*l + b, 0 = -2*l + 2*b - 6. Let v be (l + -2)/(-2 - -4). Suppose -20 = -k - v*k. Calculate the greatest common divisor of k and 160.
20
Let o(f) = -20*f**2 + 59*f**2 - 47*f + 49*f. Let a be o(2). Calculate the greatest common factor of a and 20.
20
Suppose -t + 4 - 3 = 0. Let h be 21/t + 0/1. Let i(x) = 2*x + 15. Let z be i(-6). Calculate the greatest common factor of z and h.
3
Suppose 3*a = 5*o + 335, 545 = 3*a + 2*a + 5*o. Calculate the highest common factor of a and 22.
22
Suppose 0*r - 3*p = r + 18, -5*r + 3*p = 0. Let i be (r/2)/(18/(-480)). Calculate the greatest common divisor of i and 8.
8
Let k(i) = -i**2 + 4*i. Suppose 9 - 1 = 2*d. Let y be k(d). Suppose 5*l + 50 - 225 = y. What is the greatest common factor of l and 7?
7
Let i(d) = -97*d + 4. Let q be i(-2). What is the greatest common factor of q and 18?
18
Let c = 125 + -76. Calculate the highest common divisor of 21 and c.
7
Let v = 47 + -27. Calculate the greatest common factor of 4 and v.
4
Let a be 0/(-1 - -5 - 2). Suppose 3*r + a*r - 189 = 0. What is the greatest common factor of 9 and r?
9
Let c = -18 - -26. Suppose -10*d = -c*d - 90. Calculate the greatest common factor of 5 and d.
5
Let b be 3/(-15) + (-16)/(-5). Suppose 3*k = -3*d, -2*k + 0*k - b*d - 2 = 0. Suppose k*v - 30 = -v. What is the greatest common factor of v and 4?
2
Suppose 6*u = 9*u - 21. Suppose 2*g - 3 - u = 0. What is the highest common factor of 40 and g?
5
Let o be (-126)/(-8) + (-3)/(-12). Suppose -13*h = -o*h + 27. Calculate the greatest common divisor of 9 and h.
9
Let q = 8 + 16. Suppose q = -0*u + 3*u. Calculate the highest common divisor of 2 and u.
2
Let z(p) = -p**3 + 7*p**2 - 2*p + 5. Let o be z(5). What is the greatest common factor of o and 15?
15
Let z be (-4)/(-7) + (-2530)/(-154). What is the greatest common divisor of 153 and z?
17
Let d be (82 - 1)*(-1)/(-3). Calculate the greatest common factor of d and 54.
27
Let i be 4 + (2 - 1) + -1. Let t(z) = z**3 + 9*z**2 + 10*z + 20. Let r be t(-8). What is the greatest common factor of r and i?
4
Let h be (4 + -3)*(4 + 0). Let s = h + -4. Suppose s*r - r + 45 = 0. What is the greatest common divisor of 9 and r?
9
Let f be -2 + (0 + 0 - 3). Let c be 200/12*(-12)/f. What is the highest common factor of 16 and c?
8
Let z be (8/(-10))/((-2)/65). What is the greatest common divisor of z and 130?
26
Suppose -4*g + 3*g + 110 = 3*j, 5*g + 5*j = 550. Calculate the highest common factor of 22 and g.
22
Suppose s + 14 = 3*s + 2*n, 3*n = 3*s - 39. Calculate the greatest common divisor of s and 4.
2
Let p be 54/(-72) + 5*(-230)/(-8). What is the highest common factor of p and 11?
11
Let l(s) = 54*s. Let i be l(2). Let n be (-87)/(-5) - 12/(-20). What is the highest common divisor of n and i?
18
Let t be 2/(1 + 0/(-3)). Suppose 5*a = -t*y + 19, -5*y - 25 = -2*a - 0*a. Suppose 0 = a*h - h - 192. What is the greatest common factor of 32 and h?
16
Let m(s) = s**3 + 11*s**2 + 10*s + 15. Let q(y) = -4*y + 2. Let c be q(3). Let i be m(c). Calculate the highest common factor of i and 5.
5
Suppose -87 = -9*z + 30. Let j(m) be the third derivative of m**5/30 + m**4/6 - 3*m**3/2 + m**2. Let k be j(7). What is the highest common factor of z and k?
13
Let n(j) = 19*j**3 + 2*j**2 + j. Let f be n(-1). Let d = -1 - f. What is the highest common divisor of d and 17?
17
Let k be 28*(-7)/(-14) + -1 + 3. What is the highest common divisor of k and 40?
8
Let o be -18*(-1 + (-3)/(-6)). Let g = -87 - -150. Calculate the highest common factor of o and g.
9
Let i(n) = -16*n. Let r be i(-7). What is the highest common factor of r and 14?
14
Suppose -5*d + 9 = t, 0 = 4*t - 2*d - 16 + 2. Calculate the highest common factor of 32 and t.
4
Let d(b) = 24*b + 8. Let q be d(3). What is the greatest common divisor of q and 48?
16
Let m = 1 + -1. Let i be m + 4 + -7 - -10. What is the greatest common factor of 56 and i?
7
Suppose -n = 1 - 3, 4*n - 60 = -2*f. Suppose -j + 5*c = f, 4*j + 70 = 2*j + 4*c. Let a = 101 + j. What is the greatest common divisor of 12 and a?
12
Suppose -2*y - 9 = -19. Calculate the greatest common factor of y and 10.
5
Suppose 0 = -y - 3*b - 25, 5*y = b + 44 - 137. Let p = -11 - y. What is the highest common factor of p and 8?
8
Suppose 0 = 2*x - 11 - 45. Let j(u) = u**2 - 3*u - 3. Let o be j(5). Suppose -k - o = -2*k. Calculate the highest common factor of k and x.
7
Let z(a) = -a + 7. Let s be z(0). Suppose -2*u - 770 = -s*u. What is the greatest common divisor of u and 14?
14
Suppose -2*p + 10 = 5*r + 3*p, 0 = -3*p + 9. Let k be -4 + (-46)/r + -2. What is the highest common divisor of 16 and k?
8
Let r(h) = 2*h + 1. Let t be r(6). Suppose 4*d = -t + 173. Suppose -17 + 7 = -2*b. What is the greatest common divisor of d and b?
5
Suppose 0 = -2*y - 3*y. Suppose y = 2*x - 0*x - 8. Suppose q - 12 - 4 = 0. What is the highest common factor of x and q?
4
Suppose 4*y + 40 = -4. Let p be 2910/33 - (-2)/y. Let w(n) = -n**3 + 6*n**2 - 3*n - 2. Let i be w(5). Calculate the greatest common divisor of i and p.
8
Let x(o) = -o**2 - 2*o + 2. Let z be x(-2). Suppose 4*y = 5*q + 52 - 232, -z*q + y + 72 = 0. What is the highest common factor o